rivative of -f**4/12 - 7*f**3/6 - 3*f**2/2 - f. Calculate a(b).
7
Let z(n) be the first derivative of 1/3*n**3 + n + 0*n**2 - 2. Let m be ((-2)/4)/((-3)/12). Give z(m).
5
Let u(x) = -5*x**3 + 4*x**2 - 2*x - 1. Let n(z) = -14*z**3 + 13*z**2 - 6*z - 4. Let v(r) = -2*n(r) + 7*u(r). Calculate v(1).
-6
Let q(v) = -v**2 + 4*v + 4. Let g(d) = d**2 + d + 1. Let z be g(0). Let y be 7 - (z + 1 + 0). Give q(y).
-1
Let u = 6 + -4. Let v(n) = -u*n - 4 + 4 - 3 + n. What is v(3)?
-6
Let m(x) = 9*x**2 + 0*x**2 + 3*x**2. Let t be (-2)/11 - (2 + (-91)/77). What is m(t)?
12
Suppose -3 = w + 3*x + 8, -3*x = -4*w + 31. Let p(j) be the third derivative of 0 + 2/3*j**3 + 0*j - 1/24*j**4 - w*j**2. Calculate p(3).
1
Suppose 0 = 2*g - 18 - 8. Suppose 0 = -b - 4*m + 22, -5*m + g = -12. Let w(i) = -8 + b*i - 3*i + 0*i. Calculate w(-5).
-3
Let g(x) = -5*x**3 + 7*x**2 + 1. Let u(v) = -9*v**3 + 13*v**2 + 3. Let j(y) = -7*g(y) + 4*u(y). Let m be -2*2/(-6)*6. Give j(m).
-11
Suppose 4*c - 34 = 5*l, c = l - 4*l. Let b(t) be the third derivative of 5/24*t**4 + 1/3*t**3 + 0 + 0*t - 1/60*t**5 - t**2. What is b(c)?
-4
Suppose -10*z + 3 = -27. Let h(a) be the third derivative of -1/120*a**6 + 0*a + 0 + 5/24*a**4 + 2*a**2 + 1/15*a**5 + 2/3*a**z. Calculate h(5).
4
Let r(v) = -4*v - 1. Let s(o) = o**2 - 8*o + 8. Let k = 27 + -20. Let g be s(k). Determine r(g).
-5
Let u(r) = r**2 - 24. Let a be (-2 + (0 - -2))/(-5 + 3). What is u(a)?
-24
Let z(a) be the first derivative of a**3/3 - 5*a**2/2 + 2*a + 1. Let q be (-1)/((-2)/4) - 5. Let w(h) = h**2 - 5*h + 2. Let y(b) = q*z(b) + 2*w(b). Give y(5).
-2
Let i(n) = -4*n**3 - n**2 - 2*n - 1. Let c be i(-1). Suppose -5*f + 21 = -c. Let q(j) = -j**3 + 4*j**2 + 7*j - 3. Calculate q(f).
7
Let z be (-2)/6 - (-32)/(-12). Let l be (1/z)/(4/12). Let o(r) = 1 + 8*r**3 + 2*r + r - 3*r. Give o(l).
-7
Let g(p) be the first derivative of -2*p + 1/2*p**2 - 7. Calculate g(-6).
-8
Suppose 5*m + 1 = 21. Let w(x) = -x**2 + x + 5. Give w(m).
-7
Suppose 4*c + 0 = -8. Let g(d) = 3*d + 2. Determine g(c).
-4
Let y = -45 + 40. Let x(a) = a + 2. Give x(y).
-3
Let d(t) = 3*t + 6. Suppose 11 = -3*u - 2*r, 0 = 5*u + 5*r - 5 + 20. Let i = u - -10. Suppose 0 = i*s - 2*j + 28, -s - 12 = 4*s + 2*j. Calculate d(s).
-6
Let m = 18 + -13. Suppose 0 = -m*o + o. Let w(u) = 8 + u + 0*u**2 + 0*u**2 - 3*u**2 + 2*u**2. What is w(o)?
8
Suppose 2*l + t - 9 = 0, -3*t = l + 4*l - 23. Suppose -3*u - 3*x - 26 = -x, -3*u = -l*x + 2. Let n(a) = a**3 + 7*a**2 + 7*a - 2. Determine n(u).
-8
Let i(f) = f**3 + 7. Let p(z) = -z**2 - 3*z + 5. Let w be p(-4). Let v be (1 - w)*6/12. Calculate i(v).
7
Let r = -11 + 1. Let t = r - -14. Let m(y) = -y**3 + 0*y - 5*y + y**2 + y + t + 2*y**2. Calculate m(3).
-8
Let j(o) = o**2 + 3*o + 2. Let l(s) = -s**3 - 4*s**2 - s - 6. Let g be l(-4). Calculate j(g).
0
Let j = 3 - 2. Let h(r) be the second derivative of r**4/2 - r**3/3 + r**2/2 - 7*r. What is h(j)?
5
Let b(j) = -3 - 1 + 7 - j. Let y(i) = 3*i + 4. Let k be y(-3). What is b(k)?
8
Suppose 12 + 13 = -5*g. Let j(d) be the first derivative of -d**2 + d - 7. What is j(g)?
11
Suppose -x - x + 56 = 0. Suppose 3*h - 7*h = -5*q + 60, x = -4*h - 3*q. Let d be 2/4 - 5/h. Let n(w) = -5*w**2 - 1. Give n(d).
-6
Let g(j) = -j**3 - 6*j**2 - 4*j + 5. Let a(m) be the third derivative of -m**6/120 + m**5/20 + m**4/6 - 5*m**3/6 + m**2. Let u be a(4). What is g(u)?
0
Suppose 16 = m + x, 0*m = m - 3*x. Let b(k) = 7*k + m + 2 + 0 - 6*k. Calculate b(0).
14
Let y(q) = q**3 + 4*q**2 + 5*q + 6. Let u be y(-3). Suppose u = -2*w - w. Let k(j) = -j**3 - j**2 + j + 9. What is k(w)?
9
Let a(m) = 6*m - 5. Let h(p) = -25*p + 21. Suppose 2*o + 1 + 1 = 0. Let l = o + -1. Let n(j) = l*h(j) - 9*a(j). Give n(2).
-5
Let p(x) = x**2 + x - 1. Suppose 18 = -n + 2*b - 3*b, 5*n = -2*b - 87. Let m = -15 - n. What is p(m)?
5
Let v(q) = 17 + 4*q**3 + 5*q**2 - 5*q**3 + 6*q + 17 - 42. Determine v(6).
-8
Let s(o) = 5*o**2 - 8*o + 3. Let k(t) = -9*t**2 + 15*t - 6. Let n(m) = -3*k(m) - 5*s(m). Give n(3).
6
Let y(r) be the second derivative of r**5/20 - r**4/3 + r**3/3 - r**2/2 + r. Let d be 87/7 - 3/7. Suppose 0 = -v - 3*v + d. Give y(v).
-4
Let p(k) be the third derivative of -k**4/24 - k**3/2 + 12*k**2. What is p(0)?
-3
Suppose d + 2 = 1. Let f(g) be the third derivative of g**5/15 + g**4/24 + g**3/6 - 9*g**2. Determine f(d).
4
Let r = -18 + 26. Let g be 47/r + 11/88. Let b(w) = w**2 - 9*w + 3. Determine b(g).
-15
Suppose -5 = 4*b - 5*b. Let k(g) be the first derivative of -g**2/2 - 2*g + 1. What is k(b)?
-7
Let h be 4/(-4) - -7 - (-2 + 5). Let g(l) = -l**2 + 3*l - 3. Give g(h).
-3
Suppose -5*d + 48 = 3*n, -56 = -4*n - 3*d - d. Suppose 0 = -2*x - 6, -5*x = y - x + n. Let l(b) = y - 3 - 3*b**2 - b - 4*b**3 + 2*b**3. Calculate l(-2).
4
Let j(y) = 9*y + 12*y**2 + 11 + 7*y**3 + 0*y**2 + 0. Let o(n) = 11*n**3 + 18*n**2 + 13*n + 17. Let h(m) = 8*j(m) - 5*o(m). Give h(-5).
-7
Let h(q) be the first derivative of q**4/4 + 4*q**3/3 - q + 1. Give h(-4).
-1
Let k(n) = -2*n + 4. Let g = 20 + -28. Let p = -37 - -25. Let y = g - p. Calculate k(y).
-4
Let r(t) = -t**3 - 4*t**2 - 6*t + 1. Let a(g) = 6*g**3 + 21*g**2 + 31*g - 5. Let b(s) = -2*a(s) - 11*r(s). Let z = 26 - 23. Determine b(z).
2
Let q = -24 - -27. Let n(k) = 2*k**2 - 2*k + 4. Determine n(q).
16
Let j(g) = -9*g**2 + g + 1. Let o(r) = -2*r + 3. Let n be o(2). Give j(n).
-9
Let b(f) be the second derivative of -4*f - f**2 + 2/3*f**3 + 0. Determine b(3).
10
Let i(c) be the second derivative of c**5/60 - 7*c**4/24 - 5*c**3/6 + 2*c**2 - 7*c. Let v(u) be the first derivative of i(u). Give v(7).
-5
Let h(c) = -8*c**2 - 35*c + 7. Let w(j) = 3*j**2 + 12*j - 2. Let t(a) = 4*h(a) + 11*w(a). Give t(7).
-1
Let l = 87 - 81. Let d(s) = -s**2 + 9*s - 8. Give d(l).
10
Suppose 0 = 3*m + 3*m + 12. Let y(x) = x**2 + 4*x. Determine y(m).
-4
Let v = -7 + 13. Let o(d) = 0 + v*d - 6*d - 3 + d. Give o(4).
1
Let w = 6 + -2. Let p(j) = -7 + 11 + w + j. Give p(0).
8
Let t = -8 - -13. Let v = t + -8. Let h(y) = y + 3 + 1 + 0*y - 5. Determine h(v).
-4
Let q(p) = 4*p**3 - p. Let s be q(-1). Let r(l) be the first derivative of -l**4/4 - l**3/3 + 3*l**2/2 - 4*l - 10. What is r(s)?
5
Let j = -7 - -6. Let z(w) = -2*w**2 + 1. Calculate z(j).
-1
Let k = 0 - -5. Let w(v) be the first derivative of v**4/4 - 4*v**3/3 - 3*v**2/2 + 7*v + 186. What is w(k)?
17
Let h(b) be the second derivative of b**3/6 - b**2 + 2*b. Suppose 0 = g - 4*g. Suppose g = -0*n + n. Calculate h(n).
-2
Let d = 90 + -63. Let b be (d/12)/(9/24). Let j(k) = k**3 - 5*k**2 - 4*k - 8. What is j(b)?
4
Let d(h) = -h**2 - 7*h + 1. Let b(p) = -3*p**2 - 14*p + 2. Let c(w) = 2*b(w) - 5*d(w). Calculate c(4).
11
Let p(i) = 4*i**2 - 2*i**2 - 8 - 6*i - 3*i**2. Calculate p(-6).
-8
Let b(m) = -3*m + 4. Let p(a) = -a**3 + 8*a**2 - 4*a - 18. Let d be p(7). Calculate b(d).
-5
Let r(l) = -3*l + 1. Let t(c) be the first derivative of c**2/2 - 6*c + 5. Let j be t(5). Determine r(j).
4
Let q be (1 - (-4 - -1)) + -5. Let f(y) be the first derivative of -2*y**3 + y**2/2 + 1. Determine f(q).
-7
Let w(y) = 0 + y + 4 + 0*y - y**2. Let l = -24 - -17. Let n = -4 - l. Determine w(n).
-2
Suppose 2*r - 14 = 4*m, 4*r + 11 = -4*m + 3*r. Let x be 8/6*6/4. Let o(t) = -2*t**2 - 4 + x*t + 3*t**2 + 3. What is o(m)?
2
Let s(o) = -4 - 1 + o + 3. Let w = 2 - 0. Suppose m = w*m + 3. Determine s(m).
-5
Let d = -8 + 13. Suppose d*x - 4*h = -32, 2*x - 2*h = -3*h - 5. Let q be 6/x*(-8)/(-3). Let t(w) = 2*w + 5. Give t(q).
-3
Let x(h) = 0*h + 16 + h + 8 - 14. Determine x(-7).
3
Suppose 0 = -3*n - 3*s - 6, n + 0*n - 13 = 2*s. Let h(m) = m**2 - 2*m + 2. Determine h(n).
5
Let o(l) be the second derivative of -l**4/24 - l**2 - 3*l. Let h(x) be the first derivative of o(x). Determine h(-3).
3
Let k(n) be the third derivative of -n**5/60 - 7*n**4/24 - n**3/3 - 14*n**2. Calculate k(-6).
4
Let o(w) = -2*w - 5. Suppose -6 = -0*l + 2*l. Let h = -4 - l. Let b be h/(-3 + 48/15). Determine o(b).
5
Let t(k) = 4*k**3 - 6*k**2 + 8*k. Let p(f) = 3*f**3 - 6*f**2 + 7*f + 1. Let x(r) = 3*p(r) - 2*t(r). Calculate x(4).
-9
Let a(s) = -2*s - 1. Let w = 0 + -4. Let b(p) = -p**3 - 8*p**2 + 11*p + 3. Let z(d) = -d**2 + d. Let g(l) = b(l) - 5*z(l). Let m be g(w). What is a(m)?
9
Let u = 7 + -5. Let o be -1*5/((-5)/u). Let z(n) be the second derivative